 factor of 1206 and 36?
18
Calculate the greatest common factor of 109 and 48505.
109
Calculate the greatest common factor of 143 and 1001.
143
What is the highest common factor of 2241 and 166?
83
Calculate the highest common factor of 36 and 612.
36
What is the highest common divisor of 76 and 1235?
19
Calculate the greatest common divisor of 26 and 8.
2
Calculate the highest common divisor of 46 and 184.
46
What is the greatest common factor of 29 and 7?
1
Calculate the greatest common factor of 331 and 1.
1
Calculate the greatest common factor of 3438 and 48.
6
What is the greatest common factor of 8043 and 4213?
383
What is the greatest common divisor of 1105 and 585?
65
What is the greatest common divisor of 522 and 3422?
58
Calculate the highest common divisor of 1273 and 201.
67
Calculate the greatest common factor of 261 and 27.
9
Calculate the greatest common factor of 1312 and 41.
41
What is the highest common divisor of 265 and 20?
5
What is the greatest common divisor of 236 and 2183?
59
What is the highest common factor of 7 and 147?
7
Calculate the greatest common factor of 24 and 320.
8
What is the highest common factor of 430 and 774?
86
Calculate the greatest common factor of 456 and 120.
24
What is the greatest common divisor of 65 and 9?
1
What is the greatest common factor of 288 and 1168?
16
What is the greatest common factor of 226 and 22826?
226
Calculate the highest common divisor of 5 and 1535.
5
Calculate the greatest common factor of 43908 and 12.
12
Calculate the greatest common divisor of 3 and 5469.
3
What is the highest common divisor of 22 and 616?
22
Calculate the highest common factor of 6 and 24.
6
What is the greatest common factor of 56 and 18228?
28
What is the greatest common divisor of 3810 and 45?
15
Calculate the greatest common factor of 240 and 100.
20
Calculate the greatest common factor of 60 and 1645.
5
Calculate the highest common divisor of 234 and 108.
18
What is the highest common factor of 910 and 70?
70
Calculate the greatest common factor of 10108 and 280.
28
What is the greatest common factor of 558 and 81?
9
What is the highest common divisor of 34 and 3026?
34
What is the greatest common divisor of 147 and 2268?
21
Calculate the greatest common divisor of 819 and 7254.
117
What is the highest common divisor of 553 and 413?
7
What is the greatest common factor of 43 and 215?
43
What is the highest common divisor of 80 and 16?
16
What is the highest common factor of 1029 and 63?
21
What is the highest common factor of 490 and 14?
14
What is the highest common divisor of 82 and 1681?
41
What is the highest common factor of 8 and 3368?
8
Calculate the highest common factor of 736 and 96.
32
Calculate the greatest common divisor of 2 and 134.
2
What is the highest common factor of 51 and 85?
17
Calculate the greatest common divisor of 661 and 2.
1
What is the highest common factor of 19 and 38?
19
What is the highest common factor of 35 and 4725?
35
What is the greatest common factor of 7921 and 979?
89
Calculate the highest common factor of 26852 and 411.
137
What is the highest common divisor of 575 and 46?
23
What is the highest common factor of 75 and 1875?
75
Calculate the highest common divisor of 156 and 12636.
156
Calculate the highest common divisor of 10 and 370.
10
What is the greatest common factor of 234 and 78?
78
Calculate the greatest common factor of 860 and 258.
86
Calculate the greatest common divisor of 13 and 1664.
13
Calculate the greatest common factor of 74 and 4736.
74
Calculate the greatest common divisor of 3568 and 32.
16
What is the highest common factor of 90 and 60?
30
What is the greatest common factor of 196 and 308?
28
What is the greatest common factor of 4920 and 24?
24
Calculate the greatest common factor of 4563 and 486.
27
Calculate the greatest common factor of 112 and 64.
16
Calculate the highest common divisor of 5 and 765.
5
What is the greatest common divisor of 4165 and 340?
85
What is the highest common divisor of 108 and 2700?
108
What is the highest common divisor of 230 and 130?
10
What is the greatest common factor of 8 and 254?
2
What is the greatest common divisor of 81 and 48?
3
Calculate the greatest common factor of 5607 and 105.
21
Calculate the highest common factor of 427 and 35.
7
Calculate the greatest common divisor of 40 and 18440.
40
What is the highest common divisor of 54 and 14283?
27
Calculate the greatest common divisor of 105 and 245.
35
Calculate the greatest common factor of 3885 and 15.
15
What is the highest common divisor of 48 and 752?
16
What is the greatest common divisor of 82 and 41?
41
What is the greatest common factor of 17 and 34?
17
Calculate the highest common divisor of 4697 and 11.
11
What is the greatest common divisor of 55358 and 178?
178
What is the highest common factor of 22512 and 28?
28
Calculate the highest common divisor of 272 and 170.
34
What is the highest common factor of 187 and 1054?
17
Calculate the highest common factor of 10971 and 552.
69
Calculate the greatest common divisor of 105 and 465.
15
Calculate the greatest common divisor of 56 and 896.
56
Calculate the greatest common divisor of 130 and 690.
10
What is the highest common divisor of 456 and 1083?
57
What is the highest common factor of 464 and 112?
16
What is the highest common factor of 45 and 81?
9
Calculate the highest common factor of 782 and 68.
34
Calculate the highest common divisor of 1 and 2.
1
Calculate the highest common divisor of 5 and 4215.
5
What is the greatest common factor of 224 and 14?
14
Calculate the highest common divisor of 258 and 344.
86
Calculate the highest common factor of 2190 and 120.
30
Calculate the greatest common factor of 78 and 988.
26
What is the greatest common divisor of 390 and 60?
30
What is the greatest common factor of 108 and 126?
18
Calculate the highest common factor of 91 and 208.
13
Calculate the highest common factor of 18 and 750.
6
What is the highest common factor of 11 and 6765?
11
Calculate the greatest common factor of 9 and 288.
9
Calculate the highest common divisor of 528 and 84.
12
Calculate the greatest common divisor of 121 and 979.
11
What is the highest common divisor of 891 and 405?
81
What is the greatest common factor of 140 and 350?
70
Calculate the greatest common divisor of 255 and 90.
15
Calculate the highest common factor of 288 and 702.
18
Calculate the greatest common divisor of 8584 and 928.
232
What is the greatest common factor of 72 and 312?
24
Calculate the highest common factor of 1204 and 14.
14
Calculate the highest common factor of 1050 and 825.
75
Calculate the highest common factor of 50 and 20.
10
Calculate the greatest common factor of 1296 and 16.
16
Calculate the greatest common factor of 7056 and 56.
56
Calculate the highest common divisor of 2262 and 117.
39
Calculate the highest common factor of 508 and 2286.
254
What is the highest common factor of 27 and 1437?
3
Calculate the highest common divisor of 2652 and 3.
3
Calculate the greatest common factor of 80 and 128.
16
Calculate the greatest common divisor of 54 and 222.
6
What is the highest common divisor of 20 and 4220?
20
Calculate the greatest common divisor of 22 and 31526.
22
What is the greatest common divisor of 80 and 740?
20
What is the highest common divisor of 130 and 24635?
65
What is the greatest common factor of 312 and 1131?
39
Calculate the greatest common factor of 169 and 1.
1
What is the highest common divisor of 21 and 141?
3
What is the greatest common divisor of 17988 and 24?
12
What is the greatest common divisor of 864 and 16992?
288
What is the greatest common factor of 400 and 1100?
100
What is the greatest common factor of 72 and 792?
72
What is the greatest common divisor of 50656 and 32?
32
What is the greatest common divisor of 85 and 92395?
85
Calculate the greatest common factor of 2618 and 170.
34
What is the highest common divisor of 10649 and 23?
23
What is the greatest common divisor of 1729 and 91?
91
What is the greatest common factor of 45 and 75?
15
Calculate the highest common divisor of 310 and 12028.
62
Calculate the greatest common factor of 100 and 2575.
25
Calculate the greatest common factor of 3 and 9.
3
What is the highest common